se 0 = -2*m + 146 - s. Calculate the remainder when m is divided by 10.
7
Suppose 22*g = -g - 6187. Let d = g + 281. Let q(t) = t**3 + 7. What is the remainder when d is divided by q(0)?
5
Calculate the remainder when 58 + -5 + (-3 - -7) is divided by 47.
10
Suppose -10 = -2*y, -9*d + 41 = -7*d + 5*y. Suppose -4*p = -4*o - 9*p + 82, 0 = 5*o + 5*p - 105. Calculate the remainder when o is divided by d.
7
Suppose -35*f + 343 - 98 = 0. Calculate the remainder when 172 is divided by f.
4
Suppose -h + p = 2*p - 22, 0 = 5*p + 15. Calculate the remainder when 33 is divided by h.
8
What is the remainder when (-1 + 0)/((-1)/131) is divided by 46?
39
Let c(y) = -y - 4. Let f be c(-4). Suppose -3*p = -f*p - 165. Calculate the remainder when p is divided by 29.
26
Calculate the remainder when 73 is divided by (2142/4)/(-7)*18/(-27).
22
Suppose 6*i = 151 - 43. Calculate the remainder when 139 is divided by i.
13
Let h(k) = k**2 + 4*k + 4. Let m be h(-5). Suppose m*p + 17 = 10*p. Calculate the remainder when 83 is divided by p.
15
Let n be 2/(-5) + (-2919)/(-35). Let f = n + -46. What is the remainder when f is divided by 10?
7
Let v(g) = 5*g**3 + 113*g**2 - 47*g + 56. Let s(x) = x**3 - x**2 + 3*x. Calculate the remainder when v(-23) is divided by s(3).
25
Suppose 2*u = 2*z - 24, 6*z - 2*z + 3*u - 13 = 0. Calculate the remainder when 8 is divided by z.
1
Calculate the remainder when 183/(-244) + (3174/(-8))/(-1) is divided by 100.
96
Suppose -4*b = -z - 0*z - 92, -4*b + 108 = -5*z. Suppose 0 = 4*c - 5*q - 35, b = c - 5*q + 2. What is the remainder when (1 + 0/(-1))*13 is divided by c?
3
Suppose 0*c - 174 = -3*c. Let j = 9 + c. Suppose 3*h - 2*h = 17. What is the remainder when j is divided by h?
16
What is the remainder when 44 - (2 + 0) - (20 + -18) is divided by 12?
4
Let y(r) be the first derivative of -13*r**4/2 - r**3/3 + r - 9. Let c be y(-1). Let t = c + -11. What is the remainder when t is divided by 6?
3
Let m(x) = -64*x - 108. What is the remainder when m(-7) is divided by 38?
36
Let w(r) be the first derivative of 14*r**3/3 + 4. Calculate the remainder when w(1) is divided by (-2)/4*(-40)/4.
4
Let g(d) = -11*d**2 + 207*d + 32. What is the remainder when g(14) is divided by 41?
36
Let m(l) = -l**2 - 12*l + 10. Let d be m(-10). Let f = d - 26. Suppose 0*n = f*n - 76. What is the remainder when n is divided by 10?
9
Let d = 0 + 5. Let x(z) = 3*z**2 + 1 - 2 + 2*z + 2*z**2 + z**2. Calculate the remainder when x(-2) is divided by d.
4
Let a be (-2*6/(-3))/(4/(-46)). Let b = a - -70. What is the remainder when 87 is divided by b?
15
Suppose 32 = 3*s - 97. Suppose s + 14 = f + 5*j, 4*j - 4 = 0. Calculate the remainder when f is divided by 18.
16
Let m(u) = u**3 + 20*u**2 - 3*u - 25. Suppose w = -4*c + 80, 0 = -3*c - 2*c - w + 99. Calculate the remainder when m(-20) is divided by c.
16
Let n(b) = b**3 - 2*b**2 - 2*b + 1. Suppose -3*s + 5*z = 0, -5*s + 28 = -0*z + z. Suppose 17 = s*i - 8. What is the remainder when n(i) is divided by 23?
20
Let z = 23 - 27. Suppose 0 = k + 4*r - 50, -2*k + 3*r - 5 + 83 = 0. What is the remainder when 18 is divided by k/8 - (-1)/z?
3
Calculate the remainder when 541 is divided by (10 + 63)/1 - 5.
65
Let x(o) = 2*o**2 - 4*o - 4. Calculate the remainder when x(4) is divided by 2/(-7) + (259/(-35))/(28/(-20)).
2
Suppose 0*t + 6 = 5*f - 4*t, -4*f - 3*t = -11. Suppose -f*v + 5*v = 42. What is the remainder when 52 is divided by v?
10
Suppose -2*w + 4*i - 66 + 324 = 0, -w + 3*i = -134. What is the remainder when w is divided by 20?
19
Let y(t) = -t**3 + t**2 - 3*t. Let c be y(-4). Let l = c + -55. Calculate the remainder when l is divided by 4.
1
Suppose 16*c - 7*c - 1278 = 0. Calculate the remainder when c is divided by 12.
10
Let o(n) = 2*n - 14. Let u = -44 + 75. What is the remainder when u is divided by o(11)?
7
What is the remainder when 100 is divided by (2/(-4))/(9*(-7)/2898)?
8
Let o = 57 + -104. Let z = -6 - o. Calculate the remainder when z is divided by 11.
8
Suppose 4*u = 17 - 5. Suppose 0 = -2*g + d + 29 + 15, 22 = g - u*d. Calculate the remainder when g is divided by 4.
2
Suppose 2*n - 76 = -3*f, 3*n - 30*f = -33*f + 108. Calculate the remainder when 122 is divided by n.
26
Let f(j) = 2*j**2 + j + 4. What is the remainder when f(7) is divided by (-2)/(-11) + 621/33?
14
Suppose -3*n + 12 = -r, n - 2 - 2 = 0. Suppose -3*u - d = -r*d - 43, 0 = -4*u - 2*d + 54. Calculate the remainder when 849/(-566) - 159/(-2) is divided by u.
14
Let b(d) = 4*d + 4. Let w be b(-3). Let h = -138 + 107. Let o = w - h. Calculate the remainder when 90 is divided by o.
21
Suppose 4*u + 0*u + 128 = 0. Let h = u - -56. Calculate the remainder when 81 is divided by h.
9
Suppose -z + 5*b + 5 = -4*z, 2*b + 33 = 5*z. Let w(a) = 5*a - 17. Suppose -u + 4*u - 42 = 0. What is the remainder when u is divided by w(z)?
6
Let y = -22 - -43. Calculate the remainder when 52 is divided by y.
10
Let d be -2 - 1 - -19*1. Let r = 37 - 16. Calculate the remainder when r is divided by 22*4*2/d.
10
Let q = 1 - 4. Let x = -336 + 342. What is the remainder when q/(-2) + 215/10 is divided by x?
5
Let q = -78 + 141. Suppose 0 = 51*n - 1334 + 518. Calculate the remainder when q is divided by n.
15
Let d = 29 - 24. Suppose 2*k - 262 = -5*g, d*g + k = 18 + 248. Calculate the remainder when g is divided by 14.
12
Let x(r) = r**2 + 12*r + 14. Let l(c) = -c**3 - 7*c**2 - 7*c + 5. Suppose 3*k + 7 + 14 = 0. Calculate the remainder when l(k) is divided by x(-12).
12
Let l(t) = t**2 + 7*t + 4. Suppose 0 = 5*x - 5*v + 10, -4*v - 31 = 3*x - 2*v. Calculate the remainder when 15 is divided by l(x).
3
Let w(f) = -f**3 - 12*f**2 + 14*f + 13. Let g be w(-13). Suppose 4*n = -g*n - 12. Calculate the remainder when ((-6)/4)/(n/28) is divided by 3.
2
Let c = 638 + -345. Calculate the remainder when c is divided by 9.
5
What is the remainder when 200 is divided by -4*((-31)/2 - 8)?
12
Suppose 33*i - 4768 - 1568 = 0. Calculate the remainder when i is divided by 40.
32
Let g(c) = -39*c + 167. Calculate the remainder when g(-12) is divided by 167.
134
What is the remainder when 99 is divided by (32/(-4))/(-24 - -22)?
3
Let z = -18 - -18. Suppose z = -17*x + 18*x - 18. Calculate the remainder when x is divided by (-1 - 2)/(12/(-40)).
8
Let c(x) = -7 - 2 + 6*x - 17 - 13. Suppose -4*r + 45 = -163. What is the remainder when r is divided by c(8)?
7
Let n = 1504 - 1380. What is the remainder when n is divided by 21?
19
Let u(q) = 11*q**3 - 7*q**2 - 16*q + 19. Let i(r) = -6*r**3 + 3*r**2 + 8*r - 10. Let g(a) = -7*i(a) - 4*u(a). What is the remainder when 48 is divided by g(4)?
8
Suppose 0*p - 3 = -3*p. Let h(v) = 62*v**3 - v + 1. What is the remainder when h(p) is divided by 16?
14
Let b = 27 - 30. What is the remainder when 10 is divided by b*7/(84/(-16))?
2
Let b(u) = u**2 + 15*u + 4. Let v be b(-10). Let t = v - -47. What is the remainder when 2 is divided by t?
0
Let m(c) = 83*c + 53. Calculate the remainder when m(0) is divided by 41.
12
Suppose f = 1, d = -0*d - f + 24. What is the remainder when ((-176)/6)/(2/(-3)) is divided by d?
21
Suppose 1230 = -2*z + 4*z. Suppose p + 2*x - 110 = 13, -5*p = 4*x - z. Calculate the remainder when p is divided by 32.
27
Let k(q) = -q**3 - 8*q**2 + 8*q - 4. What is the remainder when k(-9) is divided by 4?
1
Let f(j) = -24*j**2 - 4*j + 5. Let v be f(1). Let a = -18 - v. Calculate the remainder when 42 is divided by a.
2
Let t be (2 - 1)/((-2)/(-2)). Let s(z) = 15*z**3 - 2*z**2 + 1. What is the remainder when 55 is divided by s(t)?
13
Let k(y) = -39*y**3 - 2*y**2 - y. Let p(n) = n + 6. Let d be p(-7). Let f be 1/(d + (-1 - -1)). What is the remainder when k(f) is divided by 10?
8
Suppose -14*x + 1210 = -3*x. Calculate the remainder when x is divided by 37.
36
Calculate the remainder when 6/(6/(-2)) - -55 is divided by (22/10)/(3/15).
9
Suppose 45*w = 40*w - 2*r + 75, 5*w = -3*r + 70. Let q be 33/(-3) + 0 + -1. Calculate the remainder when w is divided by ((-3)/(-2))/((-2)/q).
8
Let u = -29 - -85. Calculate the remainder when u is divided by 27.
2
Let w = -11 - -22. Suppose 11*v = 3*z + 13*v - 87, 0 = -5*z + 4*v + 123. Calculate the remainder when z is divided by w.
5
Suppose 0 = 3*l - 4*g - 419, -l = -5*g - 26 - 121. Suppose 7*x - l = 59. What is the r